ppose 12 + 13 = -5*b - p*s, -4*s = 2*b + 20. Suppose 19*i - 16*i - 24 = b. Give z(i).
16
Let d(l) = l**2 + 24*l + 39. Let h = 1921 - 1943. What is d(h)?
-5
Let d(l) = -2*l - 12. Let v = 256 + -220. Let t be (v/(-3) - -2) + 9/9. Give d(t).
6
Suppose -p = -4*n + 36, 458*p - 463*p = 2*n - 62. Let k(t) = -t**2 + t + 100. Calculate k(n).
-10
Suppose 40*x - 5*t - 85 = 36*x, -3*x + 80 = -5*t. Let r(a) = -5 - 1 + 2 - a. Determine r(x).
-9
Let g(r) = -21*r - 112. Let b be 33 + (5 - 40) + 0 + -3. What is g(b)?
-7
Let m(x) = 6 + 9*x + x**2 - 6 + 9 + 0. Let o be (-1)/(3/6) + -7. Determine m(o).
9
Let x = -164 + 165. Suppose 5*q - 18 = 3*l, -x = -11*l + 12*l. Let b(y) = -y**2 + 3*y - 4. What is b(q)?
-4
Let m = -14731 + 14771. Let j(v) = 5*v - 204. Give j(m).
-4
Let z(s) = -20*s - 6 + 8273*s**2 - 8261*s**2 + 296*s**3 - 297*s**3. Determine z(10).
-6
Suppose 23*g - 37*g + 4396 = 0. Let q = g + -318. Let f(o) = -o**2 - 5*o - 3. Determine f(q).
1
Let b(o) be the second derivative of o**3/2 + 16*o**2 - 19*o - 19. Give b(-12).
-4
Let t(h) = -h - 1. Let x(o) = 6*o**2 + 4*o + 5. Let m(r) = 4*t(r) + x(r). Let j(q) = 2*q + 23. Let u be j(-11). Determine m(u).
7
Let s(p) = 3*p - 5*p + 3*p + 0*p + 476 - 236 - 242. Let k = -10 + -1. Let w = k - -5. Determine s(w).
-8
Let k(y) = 776 - 2338 + 780 - 4*y + 777 + 24*y. What is k(-2)?
-45
Let o(l) = l + 15. Let w be 17 + -8 - 29/1. Calculate o(w).
-5
Suppose 63 + 33 = -6*f. Let r(c) = 5*c**3 + 12*c**2 + 2. Let b(y) = 9*y**3 + 25*y**2 + 3. Let o(t) = -4*b(t) + 7*r(t). Calculate o(f).
2
Let i(r) = -r**2 - 13*r - 18. Let u be i(-11). Let j(x) = -20*x + 88. Give j(u).
8
Let b be (-3228)/269 - -1*9. Let i(c) = -2*c**3 - 2*c**2 - c - 1. Determine i(b).
38
Let g(s) = 2*s**2 + 12*s + 7. Let k be (-10 + 13 + -6)/(6/8). Give g(k).
-9
Let r(f) be the second derivative of 2/3*f**3 - 27*f + 0 + 3*f**2 - 1/12*f**4. Calculate r(5).
1
Let r(w) = 2*w**2 - 2*w - 5. Suppose 49*m = 42*m + 14. Calculate r(m).
-1
Let d(a) = -3*a + 2. Let h(o) = -308*o + 175. Let f(s) = 210*d(s) - 2*h(s). Determine f(5).
0
Let x = 795 + -792. Let o be -9 + 10/2 - -1*x. Let i(r) = 16*r**2 + 2*r. Calculate i(o).
14
Let i(q) = -13*q - 389695 + q + 389799. Determine i(9).
-4
Suppose 188*h - 2698 + 327 = 2705. Let i(r) = 9*r - 239. Calculate i(h).
4
Let r = 2 + -1. Let k(w) be the first derivative of 5*w**2 - w - 5528. Give k(r).
9
Let y(f) = -16*f + 128. Let i(r) = 3*r - 27. Let o(m) = -29*i(m) - 6*y(m). Determine o(5).
60
Let r(y) be the second derivative of y**3/6 - y. Let q be 2 + 6*(-3)/(-6). Suppose 2*c + 3*i = 11, q*c + 4*i + i = 25. Calculate r(c).
4
Let z = 7693 - 7727. Let q(s) = -2*s**3 - 69*s**2 - 35*s - 49. Give q(z).
-15
Let h(r) = -36*r + 27. Let n be (42/77)/(19/((-1881)/(-27))). Determine h(n).
-45
Let g = 612 - 538. Let f = -70 + g. Let s(l) = 2*l**2 - 5*l + 4. What is s(f)?
16
Let z(n) = 28*n**3 - 2*n**2 - n - 10. Let v(s) = 19*s**3 - 3*s**2 + s - 9. Let d(w) = -3*v(w) + 2*z(w). Calculate d(4).
3
Let r = 31 - 23. Let f be 63/(-56) + 1/r. Let w be (-2)/(f + 4 - 1). Let u(d) = -8*d**2 + 2*d + 1. What is u(w)?
-9
Let c(d) be the first derivative of d**2/2 + 21*d + 2821. Calculate c(-2).
19
Let r(l) = -2*l**2 + 261*l + 521. Let g be r(-2). Let b(c) = -c**3 - 12*c**2 - 22*c - 2. Calculate b(g).
-47
Suppose -3*u = -v + 5, 2*v + 8 + 4 = -5*u. Let n(d) = 2*d**3 + d**2 + d - 1. Let w(y) = -11*y**3 - 8*y**2 - 7*y + 4. Let t(i) = -5*n(i) - w(i). Determine t(u).
1
Let l(c) be the second derivative of c**5/20 + 3*c**4/4 + 5*c**3/3 - 9*c**2/2 - 59*c - 2. Suppose -5*f - 56 + 16 = 0. Determine l(f).
-25
Let w be -7*(-2)/(-6)*129/43. Let o(t) = 14*t - 15. What is o(w)?
-113
Let t be (-6)/(-2 + 3 + 0). Let s(l) be the first derivative of -l**4/4 - 5*l**3/3 + 9*l**2/2 + 9*l - 2025. Give s(t).
-9
Let o(l) = -7*l - 66. Let x be (-4)/17 - 7450/850. Give o(x).
-3
Suppose 0 = -4*y + y + 9. Let l(f) = -f + 1. Let u(h) = -2*h + 2. Let b(g) = -g**3 - 5*g**2 - 2*g + 2. Let x be b(-4). Let t(v) = x*u(v) + 11*l(v). Give t(y).
2
Let m(n) be the third derivative of 0*n + 0 - 1/24*n**4 - 6*n**2 + 1/3*n**3. Give m(-6).
8
Let y be 353/(-353)*(-1 + 1 - 0) + 14. Let p(z) = z**3 - 15*z**2 + 13*z + 10. Determine p(y).
-4
Let h(z) = 6*z + 18. Let m(r) = -r**3 - 16*r**2 - 46*r + 47. Let f be m(-5). Give h(f).
30
Let a(f) = -f**3 - 4*f**2 + 3*f + 5. Let v(r) = -3*r**3 - 11*r**2 + 9*r + 14. Let b(c) = 17*a(c) - 6*v(c). Suppose 5*m - 6*t = -t + 35, 2*t + 8 = -m. Give b(m).
-5
Let r be (1 - 2)/(-2 + 1). Let b be 3*(-12)/9*25/(-20). Let z(u) = -b*u + 9*u - 22*u**2 + 1 + 3*u - 8*u. What is z(r)?
-22
Let x(u) be the third derivative of u**5/60 - 3*u**4/8 + u**3 - 203*u**2. Suppose 2*q = 3*d + 17, -3*q = 2*q + 10. Let z = 14 + d. Determine x(z).
-8
Let g be (5 + -17 - -7) + 3. Let r(l) be the second derivative of -l**4/12 - l**3/6 + l**2/2 + 2*l. Let d be r(g). Let p(h) = -21*h - 1. Calculate p(d).
20
Let c(f) = -f**3 + 7*f**2 - 8*f - 2. Let h = 9687 + -9682. Determine c(h).
8
Let s(j) = -j**2 - 28. Let a = 265 + -243. Suppose a*z - 16*z = 0. Determine s(z).
-28
Let v = -385 - 83. Let c be 1/8 - v/96. Let a(s) = -s**3 + 6*s**2 - 6*s + 2. Give a(c).
-3
Let a = 113 + -81. Let k(x) = 0*x - a*x**2 + x**2 + x + 5*x**2. Give k(1).
-25
Let h(i) be the second derivative of -i**4/24 - 11*i**3/2 + 35*i**2 - 2*i - 63. Let b(x) be the first derivative of h(x). Give b(0).
-33
Let l(z) = -19*z**3 + 9*z**2 - 24*z + 124. Let u(i) = 12*i**3 - 4*i**2 + 16*i - 83. Let a(v) = -5*l(v) - 8*u(v). Calculate a(-12).
-4
Let g(f) = 0*f**2 - 22 + 2*f**2 - 9*f + f**2 + 2. Let v(b) = b**2 + b - 1. Let c(r) = g(r) - 4*v(r). Let q be c(-11). Let h(d) = -d**2 + 5*d - 9. Give h(q).
-15
Let p(v) = -4*v - 10. Let d be p(-3). Let f(r) = -r - 6*r**d + 15*r**2 - 9*r**2 - r**2. What is f(0)?
0
Let m(r) = r + 2*r - 2*r + 2. Suppose 4*w - 3 = 17. Suppose 0 = 3*v + 15, 29 - 78 = 3*k + w*v. Give m(k).
-6
Let r(c) = 2*c**3 - 7*c**2 + 3*c - 4. Let t be (-132)/(-45) + 7/105. Determine r(t).
-4
Let k(u) = 9*u**3 - u**2 - u + 1. Let m(w) = 53*w**3 - 4*w**2 - 7*w + 4. Let d(l) = 6*k(l) - m(l). Give d(2).
4
Let p(a) = -a + 2*a + 4 + 0*a. Suppose 4*m + 320 - 360 = 4*t, 0 = -3*t + 2*m - 28. Determine p(t).
-4
Let y be (1 - 9)/2 + 5 + -6. Let o(a) = 2*a - 13. Let s(r) = 2*r - 11. Let l(g) = y*s(g) + 4*o(g). Let t(n) = -3*n + 6. Let d(j) = 5*l(j) - 3*t(j). Give d(-3).
0
Let u(i) = 1784 + 1585 + i**2 - 3367 - 2*i**2 - 5*i. Let c be 9 - 1*2/(-1). Suppose -5*w - 31 + c = 0. Give u(w).
6
Let b = -10952 + 10952. Let i(p) be the second derivative of 24*p + 1/6*p**3 - 1/20*p**5 + p**2 + 0*p**4 + b. Calculate i(0).
2
Let w = -172 + 175. Suppose 2*z = -y + 9, 0 + w = y - z. Let b(r) = -r**2 + 6*r - 7. Give b(y).
-2
Let p(m) be the first derivative of -3*m**2/2 - 3*m + 1. Let q(a) = -15*a - 15. Let v(o) = 21*p(o) - 4*q(o). Let g be (12 - -2)/((-4)/(-14)*-1*7). Give v(g).
18
Let u = -47 + 50. Suppose w + 1 = u, -w + 7 = -5*b. Let o(p) be the third derivative of -p**6/60 + p**5/60 + p**4/12 + p**3/6 + 15*p**2. Determine o(b).
2
Let z(l) = -573*l**2 - 3*l - 13 + 2*l - 614*l**2 - l**3 + 1170*l**2. Give z(-17).
4
Let f(a) = -11*a**3 - 4*a**2 - 2*a. Let i be (-1 - 21/(-6)) + 10/(120/(-54)). Determine f(i).
76
Let z(w) = 2*w + 14. Let m = -275 - -289. Suppose -26*p + m*p - 120 = 0. Determine z(p).
-6
Let u(s) = s**2 + 13*s + 19. Let p(c) = 2*c**2 + 26*c + 39. Let a(j) = 6*p(j) - 13*u(j). Let q be (-1)/((-7)/70 - 0). Suppose 0 = -q*i - 89 - 31. Give a(i).
-1
Let o(i) = 14*i + 77. Let m be o(-5). Suppose 0 = -m*p + 12 + 30. Let r(k) = k**2 - 6*k + 10. What is r(p)?
10
Let k(r) be the third derivative of -7*r**6/30 + r**3/6 + r**2 - 8*r + 8. What is k(1)?
-27
Let h(n) = -15*n - 42. Let k(p) = 192*p + 1915. Let z be k(-10). Give h(z).
33
Let s(t) = t**3 - 52 + 2*t + 59 + 23*t**2 + 14*t**2 - 30*t**2. Calculate s(-7).
-7
Let w(m) = -m**3 + 6*m**2 + 5*m - 2. Suppose -3*f - 4*i + 19 + 79 = 0, 5*f + 2*i - 182 = 0. Let z be 4 + f/(-10) + (-29)/(-5). Determine w(z).
28
Let y be (18/(-4))/(4 - (-18)/(-4)). Let z(t) = -2*t + 7. Let c(u) = u - 4. Let x(n) = -8*c(n) - 5*z(n). Determine x(y).
15
Let a(o) = o - 32. Suppose -22*m - 115 + 220 = -137. Determine a(m).
-21
Let i(h) = 169*h**2 - 21*h + 16*h - 6*h**3 - 172*h**2. What is i(-2)?
46
Let i(d) = d. Let t(f) = -2*f**2 + 3 + 31